{"id":6,"date":"2025-06-24T12:49:39","date_gmt":"2025-06-24T10:49:39","guid":{"rendered":"http:\/\/ilcomparabonus.com\/?page_id=6"},"modified":"2025-06-26T10:55:00","modified_gmt":"2025-06-26T08:55:00","slug":"homepage","status":"publish","type":"page","link":"https:\/\/ilcomparabonus.com\/","title":{"rendered":"Homepage"},"content":{"rendered":"\t\t<div data-elementor-type=\"wp-post\" data-elementor-id=\"6\" class=\"elementor elementor-6\">\n\t\t\t\t<div class=\"elementor-element elementor-element-1437a36 e-flex e-con-boxed e-con e-parent\" data-id=\"1437a36\" data-element_type=\"container\">\n\t\t\t\t\t<div class=\"e-con-inner\">\n\t\t\t\t<div class=\"elementor-element elementor-element-4825a49 elementor-widget elementor-widget-heading\" data-id=\"4825a49\" data-element_type=\"widget\" data-widget_type=\"heading.default\">\n\t\t\t\t<div class=\"elementor-widget-container\">\n\t\t\t\t\t<h2 class=\"elementor-heading-title elementor-size-default\">COMPARAZIONE BONUS<\/h2>\t\t\t\t<\/div>\n\t\t\t\t<\/div>\n\t\t\t\t\t<\/div>\n\t\t\t\t<\/div>\n\t\t<div class=\"elementor-element elementor-element-dc483c1 e-flex e-con-boxed e-con e-parent\" data-id=\"dc483c1\" data-element_type=\"container\">\n\t\t\t\t\t<div class=\"e-con-inner\">\n\t\t<div class=\"elementor-element elementor-element-0cb9473 e-con-full e-flex e-con e-child\" data-id=\"0cb9473\" data-element_type=\"container\">\n\t\t\t\t<div class=\"elementor-element elementor-element-36afe6d elementor-widget elementor-widget-image\" data-id=\"36afe6d\" data-element_type=\"widget\" data-widget_type=\"image.default\">\n\t\t\t\t<div class=\"elementor-widget-container\">\n\t\t\t\t\t\t\t\t\t\t\t\t\t\t\t<img fetchpriority=\"high\" decoding=\"async\" width=\"712\" height=\"266\" src=\"https:\/\/ilcomparabonus.com\/wp-content\/uploads\/2025\/06\/goldbet.png\" class=\"attachment-large size-large wp-image-18\" alt=\"\" srcset=\"https:\/\/ilcomparabonus.com\/wp-content\/uploads\/2025\/06\/goldbet.png 712w, https:\/\/ilcomparabonus.com\/wp-content\/uploads\/2025\/06\/goldbet-300x112.png 300w\" sizes=\"(max-width: 712px) 100vw, 712px\" \/>\t\t\t\t\t\t\t\t\t\t\t\t\t\t\t<\/div>\n\t\t\t\t<\/div>\n\t\t\t\t<\/div>\n\t\t<div class=\"elementor-element elementor-element-e01f5a6 e-con-full e-flex e-con e-child\" data-id=\"e01f5a6\" data-element_type=\"container\">\n\t\t\t\t<div class=\"elementor-element elementor-element-b3e7173 elementor-widget elementor-widget-text-editor\" data-id=\"b3e7173\" data-element_type=\"widget\" data-widget_type=\"text-editor.default\">\n\t\t\t\t<div class=\"elementor-widget-container\">\n\t\t\t\t\t\t\t\t\t<p><strong>Bonus di benvenuto fino a 160\u20ac<\/strong><\/p><p>Bonus del 25% fino a 20\u20ac sul tuo primo deposito, inoltre 5\u20ac di bonus sport per 21 Settimane<br \/>20\u20ac DEPOSITO MINIMO<\/p><p><img decoding=\"async\" class=\"alignnone wp-image-14\" src=\"https:\/\/proceduravilla.com\/wp-content\/uploads\/2022\/03\/paypal.png\" alt=\"\" width=\"40\" height=\"25\" \/>\u00a0<img decoding=\"async\" class=\"alignnone wp-image-15\" src=\"https:\/\/proceduravilla.com\/wp-content\/uploads\/2022\/03\/postepay.png\" alt=\"\" width=\"40\" height=\"25\" \/>\u00a0<img loading=\"lazy\" decoding=\"async\" class=\"alignnone wp-image-20\" src=\"https:\/\/proceduravilla.com\/wp-content\/uploads\/2022\/03\/master_card.png\" alt=\"\" width=\"40\" height=\"25\" \/>\u00a0<img loading=\"lazy\" decoding=\"async\" class=\"alignnone wp-image-17\" src=\"https:\/\/proceduravilla.com\/wp-content\/uploads\/2022\/03\/visa.png\" alt=\"\" width=\"40\" height=\"25\" \/>\u00a0<img loading=\"lazy\" decoding=\"async\" class=\"alignnone wp-image-18\" src=\"https:\/\/proceduravilla.com\/wp-content\/uploads\/2022\/03\/american_express.png\" alt=\"\" width=\"40\" height=\"25\" \/>\u00a0<\/p><p>Si applicano\u00a0<a href=\"https:\/\/help.goldbet.it\/termini-e-condizioni\">T&amp;C<\/a><\/p>\t\t\t\t\t\t\t\t<\/div>\n\t\t\t\t<\/div>\n\t\t\t\t<\/div>\n\t\t<div class=\"elementor-element elementor-element-d996a7c e-con-full e-flex e-con e-child\" data-id=\"d996a7c\" data-element_type=\"container\">\n\t\t\t\t<div class=\"elementor-element elementor-element-0277413 elementor-widget elementor-widget-spacer\" data-id=\"0277413\" data-element_type=\"widget\" data-widget_type=\"spacer.default\">\n\t\t\t\t<div class=\"elementor-widget-container\">\n\t\t\t\t\t\t\t<div class=\"elementor-spacer\">\n\t\t\t<div class=\"elementor-spacer-inner\"><\/div>\n\t\t<\/div>\n\t\t\t\t\t\t<\/div>\n\t\t\t\t<\/div>\n\t\t\t\t<div class=\"elementor-element elementor-element-c2f6f7d elementor-align-center elementor-widget elementor-widget-button\" data-id=\"c2f6f7d\" data-element_type=\"widget\" data-widget_type=\"button.default\">\n\t\t\t\t<div class=\"elementor-widget-container\">\n\t\t\t\t\t\t\t\t\t<div class=\"elementor-button-wrapper\">\n\t\t\t\t\t<a class=\"elementor-button elementor-button-link elementor-size-sm\" href=\"https:\/\/media.goldbetpartners.it\/redirect.aspx?pid=20686&#038;bid=1494\">\n\t\t\t\t\t\t<span class=\"elementor-button-content-wrapper\">\n\t\t\t\t\t\t\t\t\t<span class=\"elementor-button-text\">Fai clic qui<\/span>\n\t\t\t\t\t<\/span>\n\t\t\t\t\t<\/a>\n\t\t\t\t<\/div>\n\t\t\t\t\t\t\t\t<\/div>\n\t\t\t\t<\/div>\n\t\t\t\t<\/div>\n\t\t\t\t\t<\/div>\n\t\t\t\t<\/div>\n\t\t<div class=\"elementor-element elementor-element-922cf48 e-flex e-con-boxed e-con e-parent\" data-id=\"922cf48\" data-element_type=\"container\">\n\t\t\t\t\t<div class=\"e-con-inner\">\n\t\t\t\t\t<\/div>\n\t\t\t\t<\/div>\n\t\t<div class=\"elementor-element elementor-element-37883b2 e-flex e-con-boxed e-con e-parent\" data-id=\"37883b2\" data-element_type=\"container\">\n\t\t\t\t\t<div class=\"e-con-inner\">\n\t\t<div class=\"elementor-element elementor-element-816a24b e-con-full e-flex e-con e-child\" data-id=\"816a24b\" data-element_type=\"container\">\n\t\t\t\t<div class=\"elementor-element elementor-element-2ea5713 elementor-widget elementor-widget-image\" data-id=\"2ea5713\" data-element_type=\"widget\" data-widget_type=\"image.default\">\n\t\t\t\t<div class=\"elementor-widget-container\">\n\t\t\t\t\t\t\t\t\t\t\t\t\t\t\t<img loading=\"lazy\" decoding=\"async\" width=\"495\" height=\"120\" src=\"https:\/\/ilcomparabonus.com\/wp-content\/uploads\/2025\/06\/snai.png\" class=\"attachment-large size-large wp-image-19\" alt=\"\" srcset=\"https:\/\/ilcomparabonus.com\/wp-content\/uploads\/2025\/06\/snai.png 495w, https:\/\/ilcomparabonus.com\/wp-content\/uploads\/2025\/06\/snai-300x73.png 300w\" sizes=\"(max-width: 495px) 100vw, 495px\" \/>\t\t\t\t\t\t\t\t\t\t\t\t\t\t\t<\/div>\n\t\t\t\t<\/div>\n\t\t\t\t<\/div>\n\t\t<div class=\"elementor-element elementor-element-22dc671 e-con-full e-flex e-con e-child\" data-id=\"22dc671\" data-element_type=\"container\">\n\t\t\t\t<div class=\"elementor-element elementor-element-e556cbd elementor-widget elementor-widget-text-editor\" data-id=\"e556cbd\" data-element_type=\"widget\" data-widget_type=\"text-editor.default\">\n\t\t\t\t<div class=\"elementor-widget-container\">\n\t\t\t\t\t\t\t\t\t<p><strong>Bonus di benvenuto fino a 305\u20ac<\/strong><\/p><p>5\u20ac free+ricevi fino a 300\u20ac sul primo deposito<br \/>20\u20ac DEPOSITO MINIMO<\/p><p><img decoding=\"async\" class=\"alignnone wp-image-14\" src=\"https:\/\/proceduravilla.com\/wp-content\/uploads\/2022\/03\/paypal.png\" alt=\"\" width=\"40\" height=\"25\" \/>\u00a0<img decoding=\"async\" class=\"alignnone wp-image-15\" src=\"https:\/\/proceduravilla.com\/wp-content\/uploads\/2022\/03\/postepay.png\" alt=\"\" width=\"40\" height=\"25\" \/>\u00a0<img loading=\"lazy\" decoding=\"async\" class=\"alignnone wp-image-20\" src=\"https:\/\/proceduravilla.com\/wp-content\/uploads\/2022\/03\/master_card.png\" alt=\"\" width=\"40\" height=\"25\" \/>\u00a0<img loading=\"lazy\" decoding=\"async\" class=\"alignnone wp-image-17\" src=\"https:\/\/proceduravilla.com\/wp-content\/uploads\/2022\/03\/visa.png\" alt=\"\" width=\"40\" height=\"25\" \/>\u00a0<img loading=\"lazy\" decoding=\"async\" class=\"alignnone wp-image-18\" src=\"https:\/\/proceduravilla.com\/wp-content\/uploads\/2022\/03\/american_express.png\" alt=\"\" width=\"40\" height=\"25\" \/>\u00a0<\/p><p>Si applicano\u00a0<a href=\"https:\/\/www.snai.it\/regolamenti\/termini-e-condizioni\">T&amp;C<\/a><\/p>\t\t\t\t\t\t\t\t<\/div>\n\t\t\t\t<\/div>\n\t\t\t\t<\/div>\n\t\t<div class=\"elementor-element elementor-element-3162e5e e-con-full e-flex e-con e-child\" data-id=\"3162e5e\" data-element_type=\"container\">\n\t\t\t\t<div class=\"elementor-element elementor-element-2a13a3f elementor-widget elementor-widget-spacer\" data-id=\"2a13a3f\" data-element_type=\"widget\" data-widget_type=\"spacer.default\">\n\t\t\t\t<div class=\"elementor-widget-container\">\n\t\t\t\t\t\t\t<div class=\"elementor-spacer\">\n\t\t\t<div class=\"elementor-spacer-inner\"><\/div>\n\t\t<\/div>\n\t\t\t\t\t\t<\/div>\n\t\t\t\t<\/div>\n\t\t\t\t<div class=\"elementor-element elementor-element-04ae5a3 elementor-align-center elementor-widget elementor-widget-button\" data-id=\"04ae5a3\" data-element_type=\"widget\" data-widget_type=\"button.default\">\n\t\t\t\t<div class=\"elementor-widget-container\">\n\t\t\t\t\t\t\t\t\t<div class=\"elementor-button-wrapper\">\n\t\t\t\t\t<a class=\"elementor-button elementor-button-link elementor-size-sm\" href=\"https:\/\/informatoriads.snai.it\/redirect.aspx?pid=44322&#038;bid=1953\">\n\t\t\t\t\t\t<span class=\"elementor-button-content-wrapper\">\n\t\t\t\t\t\t\t\t\t<span class=\"elementor-button-text\">Fai clic qui<\/span>\n\t\t\t\t\t<\/span>\n\t\t\t\t\t<\/a>\n\t\t\t\t<\/div>\n\t\t\t\t\t\t\t\t<\/div>\n\t\t\t\t<\/div>\n\t\t\t\t<\/div>\n\t\t\t\t\t<\/div>\n\t\t\t\t<\/div>\n\t\t<div class=\"elementor-element elementor-element-da87646 e-flex e-con-boxed e-con e-parent\" data-id=\"da87646\" data-element_type=\"container\">\n\t\t\t\t\t<div class=\"e-con-inner\">\n\t\t\t\t\t<\/div>\n\t\t\t\t<\/div>\n\t\t<div class=\"elementor-element elementor-element-b341bc8 e-flex e-con-boxed e-con e-parent\" data-id=\"b341bc8\" data-element_type=\"container\">\n\t\t\t\t\t<div class=\"e-con-inner\">\n\t\t<div class=\"elementor-element elementor-element-c7761ea e-con-full e-flex e-con e-child\" data-id=\"c7761ea\" data-element_type=\"container\">\n\t\t\t\t<div class=\"elementor-element elementor-element-511dea4 elementor-widget elementor-widget-image\" data-id=\"511dea4\" data-element_type=\"widget\" data-widget_type=\"image.default\">\n\t\t\t\t<div class=\"elementor-widget-container\">\n\t\t\t\t\t\t\t\t\t\t\t\t\t\t\t<img loading=\"lazy\" decoding=\"async\" width=\"720\" height=\"109\" src=\"https:\/\/ilcomparabonus.com\/wp-content\/uploads\/2025\/06\/Schermata-2022-08-10-alle-17.04.53-720x109-1.png\" class=\"attachment-large size-large wp-image-20\" alt=\"\" srcset=\"https:\/\/ilcomparabonus.com\/wp-content\/uploads\/2025\/06\/Schermata-2022-08-10-alle-17.04.53-720x109-1.png 720w, https:\/\/ilcomparabonus.com\/wp-content\/uploads\/2025\/06\/Schermata-2022-08-10-alle-17.04.53-720x109-1-300x45.png 300w\" sizes=\"(max-width: 720px) 100vw, 720px\" \/>\t\t\t\t\t\t\t\t\t\t\t\t\t\t\t<\/div>\n\t\t\t\t<\/div>\n\t\t\t\t<\/div>\n\t\t<div class=\"elementor-element elementor-element-68cc43f e-con-full e-flex e-con e-child\" data-id=\"68cc43f\" data-element_type=\"container\">\n\t\t\t\t<div class=\"elementor-element elementor-element-25c8e23 elementor-widget elementor-widget-text-editor\" data-id=\"25c8e23\" data-element_type=\"widget\" data-widget_type=\"text-editor.default\">\n\t\t\t\t<div class=\"elementor-widget-container\">\n\t\t\t\t\t\t\t\t\t<p><strong>Bonus di benvenuto fino a 505\u20ac<\/strong><\/p><p>100% del primo deposito fino a 500\u20ac + 5\u20ac Bonus Virtual<br \/>20\u20ac DEPOSITO MINIMO<\/p><p><img decoding=\"async\" class=\"alignnone wp-image-14\" src=\"https:\/\/proceduravilla.com\/wp-content\/uploads\/2022\/03\/paypal.png\" alt=\"\" width=\"40\" height=\"25\" \/>\u00a0<img decoding=\"async\" class=\"alignnone wp-image-15\" src=\"https:\/\/proceduravilla.com\/wp-content\/uploads\/2022\/03\/postepay.png\" alt=\"\" width=\"40\" height=\"25\" \/>\u00a0<img loading=\"lazy\" decoding=\"async\" class=\"alignnone wp-image-20\" src=\"https:\/\/proceduravilla.com\/wp-content\/uploads\/2022\/03\/master_card.png\" alt=\"\" width=\"40\" height=\"25\" \/>\u00a0<img loading=\"lazy\" decoding=\"async\" class=\"alignnone wp-image-17\" src=\"https:\/\/proceduravilla.com\/wp-content\/uploads\/2022\/03\/visa.png\" alt=\"\" width=\"40\" height=\"25\" \/>\u00a0<img loading=\"lazy\" decoding=\"async\" class=\"alignnone wp-image-18\" src=\"https:\/\/proceduravilla.com\/wp-content\/uploads\/2022\/03\/american_express.png\" alt=\"\" width=\"40\" height=\"25\" \/>\u00a0<\/p><p>Si applicano\u00a0<a href=\"https:\/\/www.lottomatica.it\/guida\/norme-regolamenti\/termini-e-condizioni\">T&amp;C<\/a><\/p>\t\t\t\t\t\t\t\t<\/div>\n\t\t\t\t<\/div>\n\t\t\t\t<\/div>\n\t\t<div class=\"elementor-element elementor-element-a0a5a3d e-con-full e-flex e-con e-child\" data-id=\"a0a5a3d\" data-element_type=\"container\">\n\t\t\t\t<div class=\"elementor-element elementor-element-49545b9 elementor-widget elementor-widget-spacer\" data-id=\"49545b9\" data-element_type=\"widget\" data-widget_type=\"spacer.default\">\n\t\t\t\t<div class=\"elementor-widget-container\">\n\t\t\t\t\t\t\t<div class=\"elementor-spacer\">\n\t\t\t<div class=\"elementor-spacer-inner\"><\/div>\n\t\t<\/div>\n\t\t\t\t\t\t<\/div>\n\t\t\t\t<\/div>\n\t\t\t\t<div class=\"elementor-element elementor-element-088211c elementor-align-center elementor-widget elementor-widget-button\" data-id=\"088211c\" data-element_type=\"widget\" data-widget_type=\"button.default\">\n\t\t\t\t<div class=\"elementor-widget-container\">\n\t\t\t\t\t\t\t\t\t<div class=\"elementor-button-wrapper\">\n\t\t\t\t\t<a class=\"elementor-button elementor-button-link elementor-size-sm\" href=\"https:\/\/media.lottomaticapartners.it\/redirect.aspx?pid=20687&#038;bid=1508\">\n\t\t\t\t\t\t<span class=\"elementor-button-content-wrapper\">\n\t\t\t\t\t\t\t\t\t<span class=\"elementor-button-text\">Fai clic qui<\/span>\n\t\t\t\t\t<\/span>\n\t\t\t\t\t<\/a>\n\t\t\t\t<\/div>\n\t\t\t\t\t\t\t\t<\/div>\n\t\t\t\t<\/div>\n\t\t\t\t<\/div>\n\t\t\t\t\t<\/div>\n\t\t\t\t<\/div>\n\t\t<div class=\"elementor-element elementor-element-8321d6c e-flex e-con-boxed e-con e-parent\" data-id=\"8321d6c\" data-element_type=\"container\">\n\t\t\t\t\t<div class=\"e-con-inner\">\n\t\t\t\t\t<\/div>\n\t\t\t\t<\/div>\n\t\t<div class=\"elementor-element elementor-element-c3fee1f e-flex e-con-boxed e-con e-parent\" data-id=\"c3fee1f\" data-element_type=\"container\">\n\t\t\t\t\t<div class=\"e-con-inner\">\n\t\t<div class=\"elementor-element elementor-element-e4f492c e-con-full e-flex e-con e-child\" data-id=\"e4f492c\" data-element_type=\"container\">\n\t\t\t\t<div class=\"elementor-element elementor-element-14defe6 elementor-widget elementor-widget-image\" data-id=\"14defe6\" data-element_type=\"widget\" data-widget_type=\"image.default\">\n\t\t\t\t<div class=\"elementor-widget-container\">\n\t\t\t\t\t\t\t\t\t\t\t\t\t\t\t<img loading=\"lazy\" decoding=\"async\" width=\"720\" height=\"245\" src=\"https:\/\/ilcomparabonus.com\/wp-content\/uploads\/2025\/06\/sisal5-720x245-1.png\" class=\"attachment-large size-large wp-image-21\" alt=\"\" srcset=\"https:\/\/ilcomparabonus.com\/wp-content\/uploads\/2025\/06\/sisal5-720x245-1.png 720w, https:\/\/ilcomparabonus.com\/wp-content\/uploads\/2025\/06\/sisal5-720x245-1-300x102.png 300w\" sizes=\"(max-width: 720px) 100vw, 720px\" \/>\t\t\t\t\t\t\t\t\t\t\t\t\t\t\t<\/div>\n\t\t\t\t<\/div>\n\t\t\t\t<\/div>\n\t\t<div class=\"elementor-element elementor-element-df5d785 e-con-full e-flex e-con e-child\" data-id=\"df5d785\" data-element_type=\"container\">\n\t\t\t\t<div class=\"elementor-element elementor-element-421b8d1 elementor-widget elementor-widget-text-editor\" data-id=\"421b8d1\" data-element_type=\"widget\" data-widget_type=\"text-editor.default\">\n\t\t\t\t<div class=\"elementor-widget-container\">\n\t\t\t\t\t\t\t\t\t<p><strong>Bonus di benvenuto fino a 350\u20ac<\/strong><\/p><p>Ricevi fino a 50\u20ac di bonus sulla prima ricarica e fino a 10\u20ac a settimana per divertirti con le Scommesse.<br \/>20\u20ac DEPOSITO MINIMO<\/p><p><img decoding=\"async\" class=\"alignnone wp-image-14\" src=\"https:\/\/proceduravilla.com\/wp-content\/uploads\/2022\/03\/paypal.png\" alt=\"\" width=\"40\" height=\"25\" \/>\u00a0<img decoding=\"async\" class=\"alignnone wp-image-15\" src=\"https:\/\/proceduravilla.com\/wp-content\/uploads\/2022\/03\/postepay.png\" alt=\"\" width=\"40\" height=\"25\" \/>\u00a0<img loading=\"lazy\" decoding=\"async\" class=\"alignnone wp-image-20\" src=\"https:\/\/proceduravilla.com\/wp-content\/uploads\/2022\/03\/master_card.png\" alt=\"\" width=\"40\" height=\"25\" \/>\u00a0<img loading=\"lazy\" decoding=\"async\" class=\"alignnone wp-image-17\" src=\"https:\/\/proceduravilla.com\/wp-content\/uploads\/2022\/03\/visa.png\" alt=\"\" width=\"40\" height=\"25\" \/>\u00a0<img loading=\"lazy\" decoding=\"async\" class=\"alignnone wp-image-18\" src=\"https:\/\/proceduravilla.com\/wp-content\/uploads\/2022\/03\/american_express.png\" alt=\"\" width=\"40\" height=\"25\" \/>\u00a0<\/p><p>Si applicano\u00a0<a href=\"https:\/\/promozioni.planetwin365.it\/promo\/play365-bonus-benvenuto\/\">T&amp;C<\/a><\/p>\t\t\t\t\t\t\t\t<\/div>\n\t\t\t\t<\/div>\n\t\t\t\t<\/div>\n\t\t<div class=\"elementor-element elementor-element-682c37e e-con-full e-flex e-con e-child\" data-id=\"682c37e\" data-element_type=\"container\">\n\t\t\t\t<div class=\"elementor-element elementor-element-cbe035c elementor-widget elementor-widget-spacer\" data-id=\"cbe035c\" data-element_type=\"widget\" data-widget_type=\"spacer.default\">\n\t\t\t\t<div class=\"elementor-widget-container\">\n\t\t\t\t\t\t\t<div class=\"elementor-spacer\">\n\t\t\t<div class=\"elementor-spacer-inner\"><\/div>\n\t\t<\/div>\n\t\t\t\t\t\t<\/div>\n\t\t\t\t<\/div>\n\t\t\t\t<div class=\"elementor-element elementor-element-a3fbbc0 elementor-align-center elementor-widget elementor-widget-button\" data-id=\"a3fbbc0\" data-element_type=\"widget\" data-widget_type=\"button.default\">\n\t\t\t\t<div class=\"elementor-widget-container\">\n\t\t\t\t\t\t\t\t\t<div class=\"elementor-button-wrapper\">\n\t\t\t\t\t<a class=\"elementor-button elementor-button-link elementor-size-sm\" href=\"https:\/\/ads.sisal.it\/promoRedirect?key=ej0xMzUyNDE2MyZsPTE1ODE2NTE5JnA9MTQ3MjIz\">\n\t\t\t\t\t\t<span class=\"elementor-button-content-wrapper\">\n\t\t\t\t\t\t\t\t\t<span class=\"elementor-button-text\">Fai clic qui<\/span>\n\t\t\t\t\t<\/span>\n\t\t\t\t\t<\/a>\n\t\t\t\t<\/div>\n\t\t\t\t\t\t\t\t<\/div>\n\t\t\t\t<\/div>\n\t\t\t\t<\/div>\n\t\t\t\t\t<\/div>\n\t\t\t\t<\/div>\n\t\t<div class=\"elementor-element elementor-element-78ebd7b e-flex e-con-boxed e-con e-parent\" data-id=\"78ebd7b\" data-element_type=\"container\">\n\t\t\t\t\t<div class=\"e-con-inner\">\n\t\t\t\t<div class=\"elementor-element elementor-element-dbb2862 elementor-widget elementor-widget-spacer\" data-id=\"dbb2862\" data-element_type=\"widget\" data-widget_type=\"spacer.default\">\n\t\t\t\t<div class=\"elementor-widget-container\">\n\t\t\t\t\t\t\t<div class=\"elementor-spacer\">\n\t\t\t<div class=\"elementor-spacer-inner\"><\/div>\n\t\t<\/div>\n\t\t\t\t\t\t<\/div>\n\t\t\t\t<\/div>\n\t\t\t\t\t<\/div>\n\t\t\t\t<\/div>\n\t\t<div class=\"elementor-element elementor-element-9d7d77b e-flex e-con-boxed e-con e-parent\" data-id=\"9d7d77b\" data-element_type=\"container\" data-settings=\"{&quot;background_background&quot;:&quot;classic&quot;}\">\n\t\t\t\t\t<div class=\"e-con-inner\">\n\t\t\t\t<div class=\"elementor-element elementor-element-e33aa49 elementor-widget elementor-widget-text-editor\" data-id=\"e33aa49\" data-element_type=\"widget\" data-widget_type=\"text-editor.default\">\n\t\t\t\t<div class=\"elementor-widget-container\">\n\t\t\t\t\t\t\t\t\t<div class=\"elementor-element elementor-element-28ff360 elementor-widget elementor-widget-text-editor\" data-id=\"28ff360\" data-element_type=\"widget\" data-widget_type=\"text-editor.default\"><div class=\"elementor-widget-container\"><p class=\"nobottommargin t300 ls1\">Il nostro Comparatore \u00e8 un sito che mette a confronto i diversi bonus offerti dai migliori bookmaker, tutti in possesso di regolare concessione ad operare in Italia rilasciata dall\u2019Agenzia delle Dogane e dei Monopoli.<\/p><p>Vi sono diversi fattori che possono condizionare la scelta di un determinato bookmaker: dai bonus alle quote, dall\u2019app all\u2019user experience, senza dimenticare la sicurezza per i depositi e i prelievi.<\/p><p>Lo scopo del sito \u00e8 quello di aiutarti a scegliere quale bonus \u00e8 pi\u00f9 vantaggioso per te.<\/p><p>Ricorda di scommettere responsabilmente.\u00a0<\/p><p>Il gioco \u00e8 vietato ai minori e pu\u00f2 causare dipendenza psicologica.<\/p><p>Puoi giocare\u00a0<strong>solo se maggiorenne<\/strong>. Il gioco pu\u00f2 causare dipendenza patologica Bookmakers Italiani AAMS<\/p><\/div><\/div><div class=\"elementor-element elementor-element-c133e54 elementor-widget elementor-widget-image\" data-id=\"c133e54\" data-element_type=\"widget\" data-widget_type=\"image.default\"><div class=\"elementor-widget-container\"><img loading=\"lazy\" decoding=\"async\" class=\"attachment-large  aligncenter\" src=\"https:\/\/proceduravilla.com\/wp-content\/uploads\/2022\/11\/logo-Aams-gioco-Sicuro.jpeg\" sizes=\"(max-width: 640px) 100vw, 640px\" srcset=\"https:\/\/proceduravilla.com\/wp-content\/uploads\/2022\/11\/logo-Aams-gioco-Sicuro.jpeg 675w, https:\/\/proceduravilla.com\/wp-content\/uploads\/2022\/11\/logo-Aams-gioco-Sicuro-300x91.jpeg 300w, https:\/\/proceduravilla.com\/wp-content\/uploads\/2022\/11\/logo-Aams-gioco-Sicuro-320x97.jpeg 320w, https:\/\/proceduravilla.com\/wp-content\/uploads\/2022\/11\/logo-Aams-gioco-Sicuro-640x194.jpeg 640w, https:\/\/proceduravilla.com\/wp-content\/uploads\/2022\/11\/logo-Aams-gioco-Sicuro-360x109.jpeg 360w\" alt=\"\" width=\"258\" height=\"79\" \/><\/div><\/div>\t\t\t\t\t\t\t\t<\/div>\n\t\t\t\t<\/div>\n\t\t\t\t\t<\/div>\n\t\t\t\t<\/div>\n\t\t\t\t<\/div>\n\t\t","protected":false},"excerpt":{"rendered":"<p>COMPARAZIONE BONUS Bonus di benvenuto fino a 160\u20ac Bonus del 25% fino a 20\u20ac sul tuo primo deposito, inoltre 5\u20ac di bonus sport per 21 Settimane20\u20ac DEPOSITO MINIMO \u00a0\u00a0\u00a0\u00a0\u00a0 Si applicano\u00a0T&amp;C Fai clic qui Bonus di benvenuto fino a 305\u20ac 5\u20ac free+ricevi fino a 300\u20ac sul primo deposito20\u20ac DEPOSITO MINIMO \u00a0\u00a0\u00a0\u00a0\u00a0 Si applicano\u00a0T&amp;C Fai clic [&hellip;]<\/p>\n","protected":false},"author":1,"featured_media":0,"parent":0,"menu_order":0,"comment_status":"closed","ping_status":"closed","template":"","meta":{"footnotes":""},"class_list":["post-6","page","type-page","status-publish","hentry"],"_links":{"self":[{"href":"https:\/\/ilcomparabonus.com\/index.php?rest_route=\/wp\/v2\/pages\/6","targetHints":{"allow":["GET"]}}],"collection":[{"href":"https:\/\/ilcomparabonus.com\/index.php?rest_route=\/wp\/v2\/pages"}],"about":[{"href":"https:\/\/ilcomparabonus.com\/index.php?rest_route=\/wp\/v2\/types\/page"}],"author":[{"embeddable":true,"href":"https:\/\/ilcomparabonus.com\/index.php?rest_route=\/wp\/v2\/users\/1"}],"replies":[{"embeddable":true,"href":"https:\/\/ilcomparabonus.com\/index.php?rest_route=%2Fwp%2Fv2%2Fcomments&post=6"}],"version-history":[{"count":11,"href":"https:\/\/ilcomparabonus.com\/index.php?rest_route=\/wp\/v2\/pages\/6\/revisions"}],"predecessor-version":[{"id":30,"href":"https:\/\/ilcomparabonus.com\/index.php?rest_route=\/wp\/v2\/pages\/6\/revisions\/30"}],"wp:attachment":[{"href":"https:\/\/ilcomparabonus.com\/index.php?rest_route=%2Fwp%2Fv2%2Fmedia&parent=6"}],"curies":[{"name":"wp","href":"https:\/\/api.w.org\/{rel}","templated":true}]}}